4*r - 3. Let q = -9660 - -9662. What is x(q)?
-43
Let b(g) = g**3 - 38*g**2 - 121*g - 94. Let y(l) = 16*l + 553. Let m be y(-32). Calculate b(m).
-12
Let d(l) be the second derivative of l**4/6 + 6*l**3 - 31*l**2/2 + 3825*l. Determine d(-19).
7
Let d = -5 + 8. Suppose -4*z + 109 - 29 = 0. Let r(g) = -3 - 14*g + 6 - 8*g + z*g. Determine r(d).
-3
Let p be 0 - -4 - (-20)/(-10). Let i(g) = -4*g - 10*g**2 + 4 + 4*g**2 + 8*g**p. Suppose -4*a = -5*a + 4*q + 15, -4*q - 21 = -3*a. Calculate i(a).
10
Let u(b) be the first derivative of -b**4/4 + 2*b**2 - 5*b + 656. Give u(2).
-5
Let r(j) be the second derivative of 4*j**2 - 3*j - 5 + 1/6*j**3. Give r(-8).
0
Let z(p) = 7*p**3 - 42*p**2 - 94*p + 196. Let j(m) = -2*m**3 + 12*m**2 + 27*m - 56. Let q(v) = -17*j(v) - 5*z(v). What is q(7)?
0
Let g(j) = -12*j - j - 18*j + 1184 - 6*j. Calculate g(32).
0
Let i(f) = f**2 + 11*f + 11. Suppose -2*j + 16 = 3*j - z, j - 20 = -4*z. Suppose 3*x = -2*q - 10 - 14, -j*q + 12 = 0. Calculate i(x).
1
Let r(i) be the first derivative of i**4/4 + 3*i**3 + 15*i**2/2 - 13*i + 7281. What is r(-7)?
-20
Let w(k) = -k**2 + 4. Let f be ((-15)/25)/((-3)/15). Suppose f*v + 12 = 3*a, -4*a + 14 = -5*v - 6. Let x be (v + (-18)/(-4))*6. What is w(x)?
-5
Let g(y) be the first derivative of y**3/3 + 7*y**2 - 15*y - 1314. Give g(-15).
0
Let n(y) = -197*y**3 + y**2 + 19*y + 1. Let i(p) = -219*p**3 + 20*p. Let v(r) = 9*i(r) - 10*n(r). Calculate v(-7).
-87
Let m(a) be the third derivative of 2*a**2 + 23*a + 1/24*a**4 + 4/3*a**3 + 0. Give m(-4).
4
Let j(h) = 2*h**2 + 2*h + 2. Let b(q) = q**3 + 12*q**2 + 15*q + 15. Let u(z) = b(z) - 6*j(z). Let x be (-3*1/(-9))/(1/(-9)). Determine u(x).
-33
Let s be (-4 - -1) + (11 - (-25 + 34)). Let a(c) = 4*c - 10. Calculate a(s).
-14
Let u be -14 - (-416)/40 - (-6)/10. Let l(t) = 6*t - 1. Give l(u).
-19
Let z(b) = b - 1. Let h be z(-2). Let y(g) be the second derivative of -3/2*g**2 + 23*g + 0 - 1/2*g**3 - 1/20*g**5 - 1/3*g**4. Give y(h).
-3
Let n be 218/((-1 + 3)*1). Suppose -n*v + 8 = -108*v. Let a(p) = -p**2 + 9*p - 1. What is a(v)?
7
Let x(b) = b + 6. Let n = 30 - 33. Let l(p) = p + 5. Let d(r) = 2*r - 54. Let s be d(29). Let k(a) = n*x(a) + s*l(a). Calculate k(-3).
-1
Suppose 2*k + 4*h - 16 = 0, -3*k + 2*h = -k + 2. Let f(i) = -2388*i + 1196*i + 4 + 1198*i. Calculate f(k).
16
Let y(t) = -t**2 - 12*t - 5. Let w(x) = 4 - 3*x**3 - 2*x**2 + 3*x**3 + x**3. Let q(h) = h**3 - 4*h**2 - 4*h + 14. Let z be q(4). Let d be w(z). Calculate y(d).
-5
Let u(l) = -l**2 - 6*l + 1. Let f be u(-6). Suppose 0 = 3*q + 9, o + 4*o + 2*q - 505584 = 0. Let i(z) = -z**2 + 101118 - o - 13*z**3 + z. Determine i(f).
-13
Let l(v) = 1 + 5327167*v - 5327166*v + 2. Determine l(-20).
-17
Let k(h) = 61*h + h**2 - 6 + 58*h - 110*h. Let z = -28 - -19. Calculate k(z).
-6
Suppose a = 5*m + 22, -6213*a = -4*m - 6218*a - 6. Let u(b) = 8*b + 46. Calculate u(m).
14
Suppose -f = 7, -399*f + 48 = 5*z - 403*f. Let d(v) = -2*v**2 + 2*v + 20. What is d(z)?
-4
Let g(c) = c + 5. Let n = 37 - 18. Let k(h) = -41*h**2 + 11*h**2 + 12*h + 11 + n*h**2 + 12*h**2. Let f be k(-11). Determine g(f).
5
Let a(z) = z**3 + 4*z**2 + 5*z + 4. Suppose -17*d + 14 = 14. Suppose 5*w + 4*h + 35 = 0, 5*w - 2*h + d = -5. Calculate a(w).
-2
Suppose -2*r - 2*v = -r + 9, r = -4*v - 15. Let s be r/(6/(-8))*8. Suppose s*d - 16 = 36*d. Let g(b) = b**3 + 4*b**2 + 4*b. What is g(d)?
-16
Suppose 3*b - 4*b + 1 = 0. Let r(m) be the first derivative of m**3/3 + m**2/2 - m + 286. Determine r(b).
1
Let b(y) = 36*y**3 + y**2 - 1. Let l = -307 - -301. Let m be (-378)/(-162) + 8/l. Determine b(m).
36
Let u(o) = 6*o - 75. Suppose -q + 7 = -2*k, 5*k - 1039 = 5*q - 1079. Calculate u(q).
-21
Let m(b) = 3*b**3 - b**2 - 2*b + 1. Suppose 47*r - 24 = 35*r. Suppose -4*d + 10 = -r*h, 0*d + 3 = d - h. Give m(d).
17
Suppose 5*r + 17 = 4*v, 4*r - 6 = 5*v - 25. Let a(h) = 4 + 532*h - 211*h - 320*h. Give a(v).
7
Let k(f) be the first derivative of -f**4/2 - 4*f**3 + f**2 - 5*f - 1639. What is k(-6)?
-17
Let v(g) = -7*g**2 + 54*g**3 - 53*g**3 + 3 - 8*g - 4*g + 2*g + 2. Let d(z) = z**3 - 11*z**2 + 2*z - 14. Let q be d(11). What is v(q)?
-11
Suppose -h + 0*w = 5*w - 30, 0 = 5*h - 3*w - 94. Let a(d) = -d**2 + 23*d - 25. Give a(h).
35
Let h(v) = -5*v - 12*v**3 + 142 - 754*v**2 + 708*v**2 + 2*v + 13*v**3. Determine h(46).
4
Let u(s) be the first derivative of -s**3/3 + 4*s**2 + 8*s + 102. Suppose 28 = 275*p - 271*p. Calculate u(p).
15
Let j = 10 - 4. Let x(z) = z**2 - 6*z + 2. Let a be x(j). Let r(s) = 0*s**a + 0*s**2 + 3 + 4*s + s**2 - 5. What is r(-5)?
3
Suppose -1601*q + 1605*q - 3*s = -23, -5*s = 3*q - 48. Let t(m) = 11*m - 13. Calculate t(q).
-2
Let s(x) = -5*x. Let o(l) = -l**3 - 29*l**2 + 61*l - 15. Let c(m) = o(m) + 6*s(m). Give c(-30).
-45
Let v = 85 - 82. Let j be 0/(1 + v) + (-64 - -1). Let n = -69 - j. Let z(i) = i + 8. Give z(n).
2
Let j(a) = a - 2. Let x(t) = t**3 - 2*t**2 + 153*t + 1. Let p be x(0). Let v = -1 + 2. Suppose p = 10*k + v. Calculate j(k).
-2
Let k(r) = 2*r**2 + r - 8. Let u(v) = -v**3 + 13*v**2 + 5*v - 32. Let g(x) = -3*k(x) + u(x). What is g(3)?
34
Let d(t) = -24*t - 457. Suppose -2*x - 5*o = 68, 2*x + 125*o + 44 = 124*o. Calculate d(x).
-1
Let c(j) = 39*j - 70. Let w be (-8)/(-3)*(105/(-28))/(-5). Let n be c(w). Let d(v) = v**3 - 8*v**2 - 2*v + 5. Determine d(n).
-11
Let x = -74 + 87. Let w(o) = -11*o + 150. Let d be w(x). Let r(c) = c - 14. Determine r(d).
-7
Let r(n) = -6*n - 7. Let d(t) = 14*t + 13. Let c(i) = -2*d(i) - 5*r(i). Let b = -4 - -12. Suppose b = 4*x - 5*x. What is c(x)?
-7
Let y(u) = 2*u - 37. Suppose -29*g - 208 = 256. Give y(g).
-69
Let v(c) = 183*c**2 - 3*c + 3. Let o be v(2). Suppose -724*h + o*h - 25 = 0. Let s(z) = -3*z + 5. Determine s(h).
-10
Let n(y) be the second derivative of y + 0 - 11*y**2 + 2/3*y**3 + 5/24*y**4. Let h(j) be the first derivative of n(j). Give h(3).
19
Let a(t) be the first derivative of t**3/2 + 107*t + 264. Let k(w) be the first derivative of a(w). Suppose y = -5*z - 9, -2*y = 2*z + 2*y. Give k(z).
-6
Let y(g) be the first derivative of 5*g + 7/2*g**2 - 9 + 1/3*g**3. Let a be 0 + -4 + 2 + -2. Determine y(a).
-7
Let w(n) = -2*n**2 + 13*n - 24. Let o be (3 + 1 - -10)*48/112. Give w(o).
-18
Let j(p) = -p - 4. Let u = 41 - 46. Let f(w) = -2*w - 3. Let h(a) = u*f(a) + 4*j(a). Determine h(5).
29
Let v(l) be the third derivative of -l**4/12 + 2*l**3/3 - l**2. Suppose 0 = -416*p + 127*p - 231*p - 3120. Give v(p).
16
Let g(u) = 6*u**2 - 490*u + 6606. Let p be g(17). Let f(h) be the third derivative of -h**5/60 + 13*h**4/24 - 3*h**3/2 - h**2. Calculate f(p).
21
Let n(w) = 5*w**3 + 4 + 2*w**2 + 2*w**3 + 0*w**2 - 6 - w. Suppose -7 - 19 = 26*k. Determine n(k).
-6
Let o(f) be the second derivative of -5*f**4/6 + f**3/2 - 3*f**2/2 + 2*f - 2721. What is o(2)?
-37
Let m(v) be the first derivative of v**2 + 7*v + 104. Determine m(10).
27
Let c(p) be the first derivative of 3*p**3 + p**2 - 622. Give c(-3).
75
Let u(y) = -y**2 - y - 1. Let v(d) = -6*d**2 - 4*d - 8. Let r(k) = -5*u(k) + v(k). Let i = 61 - 59. Let t be (-3 - (i + -4))*-3. Determine r(t).
-9
Let i(s) be the second derivative of 3*s**3/2 + s**2/2 + 2*s. Suppose 0 = -15*r + 17*r - 9*w - 65, 0 = 2*r + 5*w + 33. Calculate i(r).
10
Let m(n) = -34*n - 9. Let v(p) = -p**3 + 9*p**2 - p + 6. Let b be v(9). Let c be m(b). Let q(y) = 4*y + c - 96 - 4*y**2 - y. Give q(2).
-13
Let p(z) = -z**2 + 13. Let u(c) = -c**3 + 7*c**2 + 2*c - 52. Let d(x) = -4*p(x) - u(x). Give d(4).
8
Let j(f) = f - 2. Let i(s) = -20*s + 3*s + 8*s - 5. Let r(d) = -i(d) + 3*j(d). Let l(p) = -p**2 - 4*p - 3. Let a be l(-2). Calculate r(a).
11
Suppose 11 = -4*z + 3. Let k(s) = 8*s - 66. Let d be k(9). Let o(r) = -9*r**3 - d*r**3 - 2 + r**2 + 16*r**3 - 2*r - 1. What is o(z)?
-3
Let u be (2 + 1 - 7) + 3*(-8)/(-4). Let k(i) = i**2 + 2. What is k(u)?
6
Let d(w) be the first derivative of -4*w**3/3 + 14*w**2 - 16*w - 6791. What is d(6)?
8
Let l(u) = 1617*u + 1603*u - 14 + 1599*u - 4804*u + 6*u**2. Determine l(1).
7
Let b(f) be the third derivative of -f**8/3360 + f**7/5040 + f**6/720 + f**5/10 + f**4/8 + 24*f**2 - f. Let d(o) be the third derivative of b(o). What is d(2)?
-21
Let g(f) = f**2 + 3*f - 15. Suppose 0 = -4*l - 0*l - 24. Let d be l - (1/3)/((-14)/42). Determine g(d).
-5
Let w be